1. Suppose -5*l = 4*b - 9 - 11, 0 = -5*l - 2*b + 30. What is the remainder when r(-5) is divided by l?
6
Let o = -19 - -29. Let g = 3251 + -3232. Calculate the remainder when g is divided by o.
9
Suppose 26 = 3*o + 5*l, 1 = o + 5*l - 21. Suppose o*g - 7*g + 465 = 0. Calculate the remainder when g is divided by 32.
29
Suppose z - 90 = 5*v, 5*z + 47 = -3*v - 7. Let x = 27 + v. What is the remainder when x is divided by 5?
4
Suppose 0 = -l + 10 + 2. Suppose -x = -14 - l. Calculate the remainder when x is divided by 9.
8
Suppose 5*y - 3*y - 208 = 0. Suppose -78 = -4*s + r + 1, -5*s + 3*r + y = 0. Calculate the remainder when 73 is divided by s.
16
Let i(p) = -p + 2*p**2 + 4*p + 3 + 0*p**2 + 2*p. Let s be i(-4). Suppose 4*r - s = r. What is the remainder when r is divided by 4?
1
Suppose -4*m = 12, m + 22 = 5*t - 1. Suppose 0 = -g + 16*g + 45. What is the remainder when (5/g - -1)/(2/(-57)) is divided by t?
3
What is the remainder when (-2)/(60/(-24)*8/290) is divided by (-1)/(-2) - 9/(-2)?
4
Calculate the remainder when 100/3*(-19)/(646/(-51)) is divided by 38.
12
Suppose -27*v + 25 = -26*v. Suppose 0 = -2*b - 3*t + v, -5*b + 30 - 2 = -4*t. Calculate the remainder when 20 is divided by b.
4
Let c = -443 + 478. Calculate the remainder when 204 is divided by c.
29
Let m be ((-738)/(-36))/(2/4). Suppose -m = -2*i + 13. Suppose 2 = c - 12. What is the remainder when i is divided by c?
13
Let o(w) = 2*w**2 - 9*w - 36. Let n be o(16). Suppose 0 = -5*u - 17 + n. Calculate the remainder when u is divided by 23.
17
Suppose 0 = 8*l - 7*l - 4*y - 163, -y = 2*l - 344. What is the remainder when l is divided by 25?
21
Let k = -177 - -347. What is the remainder when k is divided by 43?
41
Let m be (1/(-2))/((-2)/28). Suppose 5*i - 142 = 5*y - m, 4*i - 2*y - 100 = 0. What is the remainder when i is divided by 12?
11
What is the remainder when (-455)/26*(-32)/(-10)*-1 is divided by 17?
5
Let z be (-11)/(-66) + (-185)/(-6). Calculate the remainder when 25 is divided by 35/(-14)*(1 + z/(-5)).
12
Let n = 74 + 80. Calculate the remainder when 37 is divided by (n/(-33))/(1/(-3)).
9
Suppose -2*g = -3*y - 18, -7 = -5*g + y + 12. Suppose 0 = z - 5*x - g + 1, 10 = z + 3*x. Calculate the remainder when 23 is divided by z.
2
Let t(b) = -2*b + 12. Let a be t(-6). Suppose a*h = 23*h + 108. What is the remainder when h is divided by 28?
24
Let o = -562 + 685. Calculate the remainder when 2090 is divided by o.
122
Let y(z) = -z - 6. Let r be y(-11). Suppose r*m - 6*m + 37 = 0. Calculate the remainder when m is divided by 2*(-2)/((-4)/13).
11
Let a = -720 + 722. Suppose -3*f + 2*r = -4*f + 2, -44 = -4*f + 4*r. Suppose -2*u - a*u = -f. Calculate the remainder when 9 is divided by u.
1
What is the remainder when (-191730)/(-280) - (-6)/(-8) is divided by 86?
82
Let r(h) = -h**2 + 9*h - 15. Let v be r(6). Suppose 1 = -x, -v*x + 7 = n - 14. Let o = -2 - -9. Calculate the remainder when n is divided by o.
3
Suppose -20 = 5*f, 2*b - 57*f - 222 = -54*f. Calculate the remainder when b is divided by 25.
5
Let a = 265 + -174. Suppose 2*h - 57 = -5*p + 100, 121 = 4*p - 3*h. Calculate the remainder when a is divided by p.
29
Let r(y) = -86*y**2 - 3*y + 2. Let w be r(1). Let b = w - -151. Let i = b - -6. What is the remainder when i is divided by 18?
16
Let r be 25/6 - 10/60. Suppose l - 63 = -0*l. What is the remainder when l is divided by (1*r)/((-7)/(-28))?
15
Let a(z) be the third derivative of -z**5/60 - z**4/3 + z**3/2 - z**2. Let f = -21906 - -21948. What is the remainder when f is divided by a(-6)?
12
Suppose b - 54 = -b. Suppose 0 = -2*r - b + 29. Calculate the remainder when 1 is divided by r.
0
Suppose 0 = x - 61 + 51. Let m = 10 - 4. Calculate the remainder when x is divided by m.
4
Let f = -1564 + 1582. Let b(c) = 8*c**2 + 2*c + 4. What is the remainder when b(-3) is divided by f?
16
What is the remainder when (3 - 5) + -6*(-35)/2 is divided by 55?
48
Let j be 28/6*6 - 0. Let n = 16 - j. Calculate the remainder when 29 is divided by 62/6 - (-4)/n.
9
Let x(m) = m**3 + 8*m**2 + 3*m + 2. Suppose n + 3*n + 30 = 2*b, -6 = -n - 4*b. What is the remainder when x(n) is divided by 20?
16
Let r = 0 - -4. Let c(l) = r - 4 + 2*l + l + 7 + 3*l**2. What is the remainder when c(-5) is divided by 23?
21
Calculate the remainder when 540 is divided by 10*(-216)/60*-5.
0
Suppose 27 + 3 = 5*x. Let p = -3 + x. What is the remainder when -1 + 38 - p/3 is divided by 13?
10
Let a(j) = j + 7. Let x = 23 + -17. Let w be a(x). Let l = -10 + w. Calculate the remainder when 8 is divided by l.
2
Calculate the remainder when 41 is divided by (4/1 - -6) + 2.
5
Suppose -3*l - 3 = -3*a - 21, -12 = -l + 3*a. Suppose j = -l*j + 2*h + 28, -4 = h. Calculate the remainder when 22 is divided by j.
2
Suppose 5*b - 3*q = 1484, -3*b + 902 = 22*q - 18*q. What is the remainder when b is divided by 60?
58
Suppose -3*z - 2 = -5*a + 5, 4*z = -16. Calculate the remainder when (-19 - 2)*(a + -1) is divided by 5.
2
Let s = 2308 + -2266. What is the remainder when 233 is divided by s?
23
Let h be (-12)/30 + (-86)/10. Let o = 6 + h. Let j = 2 - o. Calculate the remainder when 14 is divided by j.
4
Suppose 0 = -13*v - 58 + 71. Suppose -4 = -4*p - 36. Calculate the remainder when (-4)/(-6) - p/6 is divided by v.
0
Let w = -687 + 704. Suppose -4*u - 2*d + 26 = 0, -5 = -3*d + 4. Calculate the remainder when w is divided by u.
2
Suppose 19*n + 326 - 687 = 0. What is the remainder when 853 is divided by n?
17
Let o(b) = 2*b**2 - 2*b + 5. Let i be o(4). Suppose 0 = 2*r + r + 3*s - 186, -4*s + 77 = r. Let k = i + r. What is the remainder when k is divided by 22?
20
Calculate the remainder when 719 is divided by 6*((-18)/(-12) - 0)*10.
89
Let q(z) = 35*z**2 - 1. Let f(b) = -b**3 + 7*b**2 - 5*b + 8. Let r be f(6). Calculate the remainder when q(-1) is divided by (12/(-14))/(r/(-196)).
10
Let c = 6 + 1. Let s(k) = -26*k + 317. What is the remainder when c is divided by s(12)?
2
Suppose 0 = 3*p - 4*p + 3. Suppose -i + 2*i - 4*s - 37 = 0, 0 = -p*i - 3*s + 66. Let b(j) = -16*j - 46. Calculate the remainder when b(-9) is divided by i.
23
Suppose 3*i - 50 = -2*i. Suppose -6 = -4*w + i. Suppose 0 = -3*j + 40 - w. What is the remainder when 45 is divided by j?
9
Let z(g) = -4*g - 8. Let s be z(-7). Suppose -4*v - s = v. Let x = v - -10. Calculate the remainder when x is divided by 3.
0
Let y(s) = 0 + 4 + s**2 + 3 - 3*s + 20*s. Let j be y(-7). Let f = j + 113. What is the remainder when f is divided by 17?
16
Suppose 0 = 3*v - 11 + 5. Calculate the remainder when 40 is divided by 0 - (4/v - 24).
18
Let g(h) = 2*h + 2*h**2 - 6*h - 1 + 2*h - 8*h. Calculate the remainder when g(-4) is divided by 18.
17
Suppose 19*y = 16*y + 12. Suppose y*w + 17 = 5*w. Calculate the remainder when 82 is divided by w.
14
Let b(l) = 3*l - 13. Let t be b(4). Calculate the remainder when (-1 - t) + (0 + 15 - -1) is divided by 6.
4
Suppose -243 + 5 = -l. Suppose -r - 2*r = 2*y - 214, 3*r - 4*y = l. Calculate the remainder when r is divided by 25.
24
Suppose 0 = -3*y - 5*y + 808. Suppose -3*h = 5*m - 86, 5*m + 0*h = 2*h + y. Suppose -3*b + 6*b - 105 = 0. What is the remainder when b is divided by m?
16
Suppose -3*t + 525 = 2*t. Suppose k + t = 6*k. Let y(d) = d**3 + 7*d**2 - 42*d - 108. What is the remainder when k is divided by y(-10)?
9
Let i = 127 + -105. Calculate the remainder when 327 is divided by i.
19
Suppose 0 = -3*y + 5*m + 39, 2*y - 6*m - 26 = -4*m. Calculate the remainder when 32 is divided by y.
6
Suppose 542 + 538 = 15*o. Calculate the remainder when o is divided by 25.
22
Let w(s) = -s**2 - 5*s - 2. Let f be w(-4). Suppose 2*k + 94 = 5*a, f*a - 85 - 3 = 2*k. Let j = 68 + k. What is the remainder when 77 is divided by j?
25
Let k = -29 - -70. Suppose 5*b - 536 - k = 4*x, -3*x = -2*b + 235. Calculate the remainder when b is divided by 19.
18
Suppose 18 = w - 3*l, 2*l = 5*w - 18 - 7. Let s(z) = z**3 - z**2 - z - 4. Suppose 76 = 7*v - 225. Calculate the remainder when v is divided by s(w).
10
Suppose 9*a + 10 = 7*a. Let d be 2*(a/(-2) - 0). Suppose d*t - 27 = 28. What is the remainder when 19 is divided by t?
8
Let r = 12 + 8. Suppose r = u - 1. What is the remainder when u is divided by 5?
1
Let z(j) = -j**2 + 13*j + 6. Let k be z(13). Let s = k + -1. Calcul